*-537*l?
179
Suppose 7*x = 9*x - 14. Suppose -3*h = -x*h + 104. What are the prime factors of (2/(-4))/((-1)/h)?
13
Let z(k) = -k**2 + 3*k + 39. Let n(g) = g**2 - g + 1. Let x(r) = 2*n(r) + z(r). What are the prime factors of x(0)?
41
Let b be 17 - (0 - 0)/1. Let c(k) = k + 11. Let d be c(-8). Suppose d*r - 16 - b = 0. What are the prime factors of r?
11
Suppose -v + 562 = -0*v + n, 0 = v + 5*n - 550. List the prime factors of v.
5, 113
Let m(n) = -n**2 + 6*n - 5. Let w be m(3). Suppose -7*t = -b - 3*t + 137, w*t - 661 = -5*b. List the prime factors of b.
7, 19
Suppose 0 = -6*z + 3*z + 6. Suppose -z = -2*u + 2. Suppose 4*i - 60 = u*i. What are the prime factors of i?
2, 3, 5
Let q = 22 - 41. Let m = 40 + q. List the prime factors of (21 + 0)/(m/28).
2, 7
Let i = -109 - -111. Let j(m) = 79*m - 6. What are the prime factors of j(i)?
2, 19
Let x = -2381 + 2687. List the prime factors of x.
2, 3, 17
Let v be (-2)/(20/8 + -3). Suppose -v*a - 50 = 22. Let c = 52 + a. What are the prime factors of c?
2, 17
Let a(s) = -s**3 - 2*s**2 - 3. Let o be a(-3). Let x(t) = -5*t**2 + 6*t - 2*t**2 - 8 - 4*t**2 + 17*t**2 - t**3. What are the prime factors of x(o)?
2, 7
Let j be 0 - (24/3)/(-4). Suppose f + 7 = j*f. List the prime factors of f.
7
List the prime factors of 41404/(8 + 3) - 3.
3761
Let x(p) = -540*p + 29. List the prime factors of x(-5).
2729
Let w(j) = j**2 - 6 + 6*j + 8*j - 8*j. What are the prime factors of w(5)?
7
Let y = 415 - 253. List the prime factors of y.
2, 3
Suppose 3*c - 2*c - 6 = 0. List the prime factors of 2/c + (2036/6)/2.
2, 5, 17
Let r(u) = -u. Let z(x) = -x**2 + 12*x + 2. Let a(k) = 2*r(k) + z(k). Let t(y) = -2*y + 3. Let o be t(-3). What are the prime factors of a(o)?
11
Let c(x) = 9*x**3 - 21*x**2 - 16*x - 16. Let g(d) = -20*d**3 + 43*d**2 + 31*d + 31. Let w(n) = -9*c(n) - 4*g(n). List the prime factors of w(18).
2, 7
Suppose -13 = -5*q - 3. Suppose q*x - 16 = -2*x. List the prime factors of 18/(-12) + 86/x.
2, 5
Let n(m) = -2*m**3 - 37*m**2 + 13*m - 9. Let d be (-17 - 2)*(-1 + 2). What are the prime factors of n(d)?
3, 5, 7
Let y(l) = -13*l**3 - 6*l**2 + 4*l + 6. Let j be -1*3*8/12. What are the prime factors of y(j)?
2, 3, 13
Let o(q) = -45*q + 161. List the prime factors of o(-18).
971
Let k = -103 - -194. Suppose -5*b - k = -391. List the prime factors of b.
2, 3, 5
Let o(l) be the second derivative of 5*l**4/12 - 3*l**3/2 + l**2 - 22*l. What are the prime factors of o(5)?
2, 41
Suppose 63 = 6*k - 309. Suppose 5*s + 4*j = k, 0*j + 4*j - 42 = -3*s. List the prime factors of s.
2, 5
Let n = 4810 + -3318. What are the prime factors of n?
2, 373
Let s = 4681 + -1248. List the prime factors of s.
3433
Suppose -h + 2*q = -0*h - 14, 5*q = h - 26. Suppose 3*a - 20 = 2*l - 0*l, a - l = h. What are the prime factors of a?
2
Let a(s) = 3*s - 2. Let q be (-1)/((-1 - 0) + 2). Let d be a(q). Let g(k) = -2*k**3 - 8*k**2 - 7*k - 7. List the prime factors of g(d).
2, 3, 13
Let j(w) = 70*w**2. Let h be j(-1). Suppose y + 5*d - 56 = 0, -3*y + y + 4*d = -h. List the prime factors of y.
41
Let d = 100 + -56. List the prime factors of d.
2, 11
Suppose m = -f + 2, -4*m + 2*f - 5 + 13 = 0. Suppose -m*r - 2*r = -272. List the prime factors of r.
2, 17
Suppose -3*r + 340 = 2*r. Let z = -25 + r. What are the prime factors of z?
43
Let w(a) = -a - 4. Let d(y) = -y**3 + y**2 - 1. Let v be d(2). Let l be w(v). List the prime factors of (l - -2) + (28 - 2).
29
Let o = 1 - -1. Let x be 6/(-48)*(0 + -24). Suppose 0 = o*l + 2*k + 51 - 169, -x*l + 153 = -3*k. What are the prime factors of l?
5, 11
What are the prime factors of (-7110)/20*-6 - 11?
2, 1061
Let z = -128 + 130. Suppose d = -0*d. Suppose d = 2*o - i - 84, -o - z*o - 3*i = -135. What are the prime factors of o?
43
Suppose 3*d + 5*z = 32, -d + 0*z + 24 = -z. Let p = d - -23. Suppose -2*n - 13 = 4*s - 53, -2*n = 5*s - p. List the prime factors of n.
2
Suppose 4*k = -5*s + 3085, -15*s + 1864 = -12*s + 5*k. What are the prime factors of s?
613
Let l = -23 + 23. Suppose l = 4*a - 2*a + 630. List the prime factors of (12/10)/((-18)/a).
3, 7
Suppose -4*y - 32 = 5*g, 3*g + 13 + 5 = -2*y. Let w be (g + -4 + 4)*-1. Suppose 273 = 5*u - 3*t, -85 = -2*u - w*t + 45. What are the prime factors of u?
3, 19
Suppose d - 5 = x + 2*x, -3*d + x + 23 = 0. Suppose 0 = d*b - 809 - 1023. What are the prime factors of b?
229
Let c be ((-2)/3)/(4/(-42)). Suppose 4*n = 8*n - 8. List the prime factors of 342/21 - n/c.
2
List the prime factors of 3706/6 + 17/51.
2, 3, 103
Let w be ((-6)/4)/(1/(-2)). Suppose 0 = 3*v - 0*z - 4*z + w, 4*v + 3*z = 21. Suppose 4*t + n - 140 = -t, 56 = 2*t - v*n. What are the prime factors of t?
2, 7
Let r(s) = s**2 - 11*s + 10. Let a be r(10). Let d be (3 - 5)/(1/(-2)). Suppose a*g + d*g - 88 = 0. What are the prime factors of g?
2, 11
Suppose -4*q - 8 = -20. Let m be (3/q - 0) + 6. List the prime factors of (-2)/(m/(42/(-4))).
3
Suppose -4*y = -f - 27, -2*y = -2*f + 3*f - 21. Suppose y*o + 352 = 10*o. What are the prime factors of o?
2, 11
Let o = 464 - 359. List the prime factors of o.
3, 5, 7
Suppose 1814*n - 1813*n = 904. List the prime factors of n.
2, 113
What are the prime factors of -1667*(-7 - (9 - 15))?
1667
Let s be 111*(2/1 + -1). Let j = 185 - s. List the prime factors of j.
2, 37
List the prime factors of -17 + 57 + 12/3.
2, 11
Let b = -2556 + 4294. List the prime factors of b.
2, 11, 79
Suppose -13 = 2*l - 27. Suppose -2*h = l + 7. List the prime factors of (-20)/(-70) + (-117)/h.
17
Let d(b) = -102*b**2 - b. Let a be d(1). Let u = -33 - a. What are the prime factors of u?
2, 5, 7
Let q(v) = 3*v - 1. Let d(c) = -7*c - 1. Let w(o) = -6*d(o) - 13*q(o). Suppose 0 = i - 0*i - 6. What are the prime factors of w(i)?
37
Suppose 0*m = -2*m + 6. Suppose -163 = -5*q - m*k, -q - 3*k + 31 = -2*k. What are the prime factors of q?
5, 7
Let p = 8 - 15. Let t = 11 + p. What are the prime factors of 6/(-5)*(-70)/t?
3, 7
Suppose 2*m + 15 = 7*m. Suppose m*r - 2*r = 62. List the prime factors of r.
2, 31
Suppose 0 = -3*b - 2*b + 4*a + 130, -52 = -2*b - 4*a. List the prime factors of (b/4)/(7/56).
2, 13
Let p = 799 + -247. List the prime factors of p.
2, 3, 23
What are the prime factors of 1728/36 - 6/(0 - -2)?
3, 5
Let p(d) be the third derivative of 31*d**6/120 - d**5/60 + 9*d**2. Let b be p(-1). Let n = b - -70. What are the prime factors of n?
2, 19
Suppose -2*g - 23 = 3*s + 2*s, 3*g + 41 = -s. Let u(c) = 2*c**2 - 1. Let n be u(-1). What are the prime factors of 13/n + g/(-7)?
3, 5
Let b = -242 - -783. What are the prime factors of b?
541
Suppose 0 = 5*l + 18*l - 31395. List the prime factors of l.
3, 5, 7, 13
Let i = 83 - 73. List the prime factors of (24/(-10))/(i/((-25900)/21)).
2, 37
Let u = 8 - 11. Let f(j) = -2*j + 12. List the prime factors of f(u).
2, 3
Let f = 18 - 11. Suppose -2*h = -f*h + 240. List the prime factors of h.
2, 3
Let p(g) = -g**2 + 5*g - 4. Let s be p(3). Suppose -s*d = -5*k + 1397, 4*d + 546 = 2*k - 0*k. Suppose 0 = 6*y - k + 89. What are the prime factors of y?
2
Suppose -3*n = -0 + 9. Let m be (-16)/6 - (-1)/n. List the prime factors of (-53)/(-1 + 0/m).
53
Let n(q) = q**2 - 2*q. Let a be n(1). Let l be -1*(a + -2) + 10. List the prime factors of (0 - -3)*l/3.
13
Suppose 0 = 2*q + q - m - 15, -21 = -q - 5*m. Let i(d) = 3*d + 1. Let x(t) = -t. Let c(h) = i(h) - x(h). List the prime factors of c(q).
5
Suppose -t - 6*t = -14. Suppose -3*o + 3*s + 12 = 0, -2*o = t*o - s - 22. List the prime factors of o.
2, 3
Let d = 4 + -1. Let j be (-1)/3 - (-1)/d. Suppose 5*w - 3*r - 62 = 0, 2*w + 2*r - 14 + 2 = j. What are the prime factors of w?
2, 5
Let w(s) = -114*s**3 - 7*s**2 - 6*s - 4. List the prime factors of w(-2).
2, 223
Suppose 3*f = -29*k + 24*k - 24, 0 = -4*f + 2*k - 6. Let a be -1*1*(-1 + -1). List the prime factors of 51 - f/6*a.
2, 13
Let j = -734 - -2354. What are the prime factors of j?
2, 3, 5
Suppose -4*o - 7 - 5 = -4*k, 4*k = o + 15. Suppose 2*n = k*n - 232. List the prime factors of (n/(-16))/((-1)/4).
29
Let d = -66 - -67. Let n(p) = 171*p**2 + p + 1. List the prime factors of n(d).
173
Let z(i) = 0 + 0*i - 7 + i. Let a be z(6). What are the prime factors of 23/2 - a/(-2)?
11
Let c(r) = r**2 - 2*r - 12. Let p be c(5). What are the prime factors of (p/(-6))/((-3)/